1110001101001010100
-101446403 (base 7) to base 10
-5961539
Convert 112034343 (base 5) to base 7.
4161636
-65935a (base 12) to base 10
-1612726
Convert 1336321 (base 9) to base 5.
141423112
-2401069 (base 10) to base 12
-979611
4341442114 (base 5) to base 11
52a1114
1002011221010 (base 3) to base 16
8c3c1
-2211212100 (base 3) to base 12
-28516
What is -19ca05 (base 13) in base 8?
-2402021
What is -5453702 (base 10) in base 8?
-24633606
462aa2b (base 12) to base 15
12b9255
Convert -10431153 (base 6) to base 14.
-82c33
What is 523a3 (base 14) in base 12?
9690b
What is -3632266 (base 8) in base 12?
-400846
Convert -755040 (base 8) to base 3.
-110211021221
What is 4f537 (base 16) in base 12?
138047
What is -4245248 (base 9) in base 11?
-1313504
Convert 1a7c0a4 (base 13) to base 8.
41341324
Convert -153930 (base 10) to base 4.
-211211022
6bba03 (base 12) to base 9
3243843
Convert -13085dc (base 16) to base 9.
-41487130
11d9b3 (base 14) to base 4
2111313021
Convert -101010001001000010 (base 2) to base 11.
-108759
What is -3098a86 (base 11) in base 16?
-5349e4
1212212010212 (base 3) to base 14
1c0b37
Convert 10000010110010100100 (base 2) to base 10.
535716
Convert 100404353 (base 6) to base 15.
23c2a0
-110232100 (base 4) to base 3
-11022102201
Convert 219002 (base 11) to base 5.
42124344
-720b (base 12) to base 13
-5846
What is 65994 (base 12) in base 4?
200311000
-19780a (base 15) to base 8
-4566563
6273372 (base 10) to base 11
35a5306
Convert 53101 (base 12) to base 15.
22474
What is -10776622 (base 8) in base 4?
-20333312102
Convert -3453 (base 12) to base 11.
-4414
Convert -33031020 (base 5) to base 4.
-1011021330
-1474425 (base 9) to base 8
-3073273
-22174 (base 15) to base 7
-630562
What is 3bb87 (base 13) in base 6?
2221404
Convert -1420231 (base 6) to base 16.
-13a3b
Convert -1210011322 (base 5) to base 4.
-22232312121
What is 2038707 (base 10) in base 13?
564c48
Convert -324d8 (base 16) to base 5.
-23043130
-441202223 (base 6) to base 8
-36107407
Convert 40156354 (base 7) to base 4.
30223310230
What is -385bdb (base 15) in base 13?
-738227
Convert -11112101112 (base 3) to base 13.
-317c3
What is -49c9bd (base 16) in base 7?
-56050315
-323256 (base 10) to base 16
-4eeb8
-2000211110102 (base 3) to base 4
-10013133113
334025012 (base 6) to base 2
10111001001101011100000
111000011110000001 (base 2) to base 11
148860
-1404060 (base 8) to base 6
-12250052
What is 741424 (base 8) in base 10?
246548
Convert 29992 (base 10) to base 13.
10861
Convert -1101102021112 (base 3) to base 11.
-46337a
1120111 (base 4) to base 16
1615
What is -1035b56 (base 12) in base 16?
-2eab32
Convert 110100000000000101111 (base 2) to base 9.
3176374
Convert -853753 (base 10) to base 2.
-11010000011011111001
Convert 24cc8 (base 14) to base 11.
61964
Convert 322222 (base 7) to base 12.
28507
What is 1115c (base 13) in base 14?
b428
What is -b6b802 (base 12) in base 13?
-79b887
Convert 78351a (base 12) to base 7.
22160056
133ac1 (base 14) to base 9
1221047
Convert -563bd2 (base 16) to base 8.
-25435722
-11012112110202 (base 3) to base 11
-1296a92
Convert 120000213 (base 4) to base 15.
1e213
Convert -100000001000100100110 (base 2) to base 11.
-65a122
What is -423860 (base 15) in base 13?
-864177
8ee846 (base 16) to base 6
532423050
Convert -1010010100111100000001 (base 2) to base 15.
-387201
Convert -1322432044 (base 6) to base 16.
-f12afc
What is -250347 (base 10) in base 13?
-89c46
Convert -1301100221 (base 4) to base 16.
-71429
What is 17475 (base 14) in base 10?
58511
What is 1000332 (base 7) in base 13?
41820
What is -1bd058 (base 14) in base 9?
-1777413
What is 33a421 (base 12) in base 2?
11001001110011011001
Convert -4556532 (base 9) to base 4.
-21120033332
What is -10022010210021 (base 3) in base 13?
-4957c3
Convert -2917b67 (base 13) to base 7.
-215563546
Convert 6746aa (base 15) to base 8.
22624303
Convert 283546 (base 16) to base 11.
153a856
Convert 21431876 (base 9) to base 12.
3574380
Convert 30602046 (base 7) to base 10.
2572191
Convert 1110100110110101 (base 2) to base 7.
336300
-2112011100 (base 3) to base 6
-1022013
-851c7 (base 13) to base 3
-110011221200
Convert -230464 (base 8) to base 5.
-10000012
What is 172667 (base 9) in base 5?
11410411
-516645 (base 7) to base 3
-11111211200
16608726 (base 9) to base 3
120200022210220
Convert -12223360 (base 8) to base 11.
-1582288
-23123103132 (base 4) to base 2
-1011011011010011011110
6d5d3 (base 15) to base 3
122201200000
69484 (base 12) to base 14
39380
-5e356e (base 16) to base 11
-3537734
What is -13db9 (base 15) in base 16?
-f969
-4443436 (base 7) to base 14
-103d56
What is -122102233032 (base 4) in base 6?
-403421410
What is 792486 (base 12) in base 13?
528852
Convert -120122112211011 (base 3) to base 13.
-1952827
23130223010 (base 4) to base 12
1008858
-1249201 (base 10) to base 13
-349795
What is -16ad8 (base 15) in base 3?
-10201120212
Convert -20101101111122 (base 3) to base 4.
-30330121232
Convert 6a335 (base 12) to base 4.
202231121
Convert 126187 (base 9) to base 4.
102232201
Convert 42e9e (base 15) to base 4.
303321011
Convert 10210102012 (base 3) to base 10.
74660
Convert 357b48 (base 12) to base 8.
3227250
Convert 24647 (base 10) to base 4.
12001013
-30312131 (base 4) to base 5
-3141022
What is b08370 (base 12) in base 5?
1201021432
1555020 (base 11) to base 2
1010001000100110111010
-123602516 (base 7) to base 12
-2774538
What is -212210010 (base 4) in base 6?
-3215140
What is -32321120100 (base 4) in base 13?
-a69599
What is -736b04 (base 13) in base 5?
-1142343104
Convert -a59629 (base 15) to base 16.
-7837ef
72839 (base 11) to base 7
621334
Convert -596b (base 13) to base 7.
-51502
-132226 (base 13) to base 3
-212110101111
132302442 (base 5) to base 9
1224516
-7d62 (base 14) to base 2
-101010101010010
What is 2527832 (base 9) in base 7?
14463443
Convert -113802 (base 10) to base 13.
-3ca50
-10767751 (base 9) to base 4
-103333220302
What is -1a008 (base 15) in base 16?
-1499f
What is -401314 (base 9) in base 2?
-111001111001111101
1111111100011111011 (base 2) to base 11
327612
Convert 48831 (base 12) to base 9.
158331
What is 241235 (base 8) in base 9?
135255
Convert -437831 (base 12) to base 4.
-10011123211
315601 (base 9) to base 11
119144
Convert -540826 (base 9) to base 7.
-2511150
Convert 101000010100110111 (base 2) to base 8.
502467
What is 59a (base 11) in base 7?
2040
Convert b8f2 (base 16) to base 12.
23496
What is -23500476 (base 8) in base 5?
-2304114034
Convert 54650540 (base 7) to base 6.
244433515
-118877 (base 11) to base 15
-3a7cc
What is 77b7b (base 12) in base 11?
a944a
Convert 10111001111010100010000 (base 2) to base 13.
1353b81
What is -16a7ab2 (base 12) in base 15?
-62c8db
What is 500484 (base 12) in base 2?
100101111111010100100
Convert -4456244 (base 8) to base 7.
-13141231
What is -1769399 (base 12) in base 7?
-56244240
What is -16428439 (base 10) in base 5?
-13201202224
What is -461304 (base 16) in base 15?
-60aa93
161549 (base 13) to base 6
15410402
Convert 43146 (base 11) to base 3.
10012001021
Convert -5a0a99 (base 12) to base 9.
-2654220
21121201100001 (base 3) to base 7
46262662
Convert 113605a (base 11) to base 15.
29305b
Convert 78448 (base 9) to base 7.
304655
Convert 3b508a (base 12) to base 2.
11110000000100101010
What is -4225c6 (base 16) in base 11?
-24a0a91
Convert -120101200002 (base 3) to base 5.
-34144043
25215202 (base 6) to base 12
331502
-1163660 (base 8) to base 16
-4e7b0
Convert 3a0bb3 (base 12) to base 14.
1ac355
Convert 40094 (base 13) to base 11.
78a19
Convert -7731011 (base 8) to base 9.
-3815332
What is -5500154 (base 7) in base 15?
-d4348
Convert 1030204 (base 6) to base 12.
25364
Convert -4487a (base 12) to base 9.
-147864
What is 101222210100000 (base 3) in base 9?
11883300
What is -2666300 (base 7) in base 4?
-1112013233
4131953 (base 11) to base 8
33645400
Convert -21112222202 (base 3) to base 15.
-2e0de
Convert -1362627 (base 9) to base 11.
-472479
-122301311 (base 4) to base 14
-2bd89
Convert -5377277 (base 10) to base 7.
-63464123
What is -51200024 (base 6) in base 14?
-2a0a9a
4a9ddc (base 16) to base 13
1022a49
Convert 134233 (base 10) to base 7.
1066231
100011110000101111 (base 2) to base 5
14141404
Convert -1121210000120 (base 3) t